se
Is 1182951053 prime?
True
Is 1438048533 a composite number?
True
Is 22928577979 a prime number?
True
Is 3491489283 a composite number?
True
Is 8557867013 a prime number?
True
Is 5445692843 a composite number?
False
Is 2277017063 prime?
False
Is 32165243017 a composite number?
True
Is 19741947977 a prime number?
True
Is 24616340843 a composite number?
True
Is 324013483 composite?
False
Is 8449095437 prime?
False
Is 30545524423 composite?
True
Is 3506002219 composite?
False
Is 94589148013 a composite number?
True
Is 1327581239 prime?
True
Is 15563734261 composite?
False
Is 26538991913 composite?
True
Is 3381417373 composite?
False
Is 29723821973 a prime number?
True
Is 409671077 a prime number?
True
Is 17538669899 a prime number?
False
Is 6819432337 composite?
True
Is 10001635063 prime?
False
Is 140552844217 a composite number?
False
Is 2254747193 composite?
True
Is 2734464757 prime?
True
Is 3305366315 a prime number?
False
Is 3707039991 a prime number?
False
Is 3144395299 a prime number?
True
Is 5165561539 a composite number?
True
Is 11373693235 a composite number?
True
Is 3819044189 composite?
False
Is 10405080421 a prime number?
False
Is 38791696231 prime?
True
Is 830925383 a composite number?
True
Is 272629631 a composite number?
False
Is 8452851481 prime?
True
Is 1131513083 a composite number?
True
Is 371778859 a prime number?
True
Is 4981771957 prime?
True
Is 183228151 composite?
True
Is 2880166427 a prime number?
False
Is 539159837 a composite number?
True
Is 326456351 a composite number?
True
Is 1724414317 a composite number?
True
Is 34411607719 a composite number?
False
Is 14851109633 a composite number?
True
Is 190372993 prime?
True
Is 827291183 composite?
False
Is 986851067 a prime number?
False
Is 27647604967 composite?
False
Is 174979604621 a prime number?
True
Is 27728031523 a composite number?
True
Is 69438554023 prime?
True
Is 2044153367 a composite number?
True
Is 37076829683 prime?
True
Is 67352719249 a prime number?
True
Is 15921063911 a composite number?
False
Is 45689038553 a prime number?
False
Is 41199338569 composite?
True
Is 629507621 a composite number?
True
Is 45451163 a composite number?
False
Is 2714439073 a composite number?
False
Is 3844278533 a prime number?
True
Is 60334513 composite?
True
Is 2304141383 a composite number?
False
Is 99062911 composite?
False
Is 196516457 a prime number?
True
Is 413501327 composite?
False
Is 3188659999 composite?
True
Is 535032341 prime?
False
Is 2199055579 composite?
True
Is 152864046149 composite?
True
Is 15245991743 a composite number?
False
Is 204757373 a prime number?
False
Is 133865789159 composite?
False
Is 1412465891 composite?
False
Is 11173655083 prime?
True
Is 14328090079 composite?
True
Is 37079252671 a prime number?
True
Is 765310457 a prime number?
True
Is 129964455943 a prime number?
False
Is 1384853333 prime?
True
Is 1746617321 a prime number?
True
Is 155895093589 prime?
False
Is 7148344339 a composite number?
True
Is 1339971509 prime?
False
Is 931147033 a composite number?
True
Is 37952126965 a prime number?
False
Is 9015081979 prime?
True
Is 3361354643 a prime number?
False
Is 26235389513 a composite number?
True
Is 889441009 a prime number?
False
Is 124720193981 a prime number?
False
Is 392893907611 prime?
False
Is 148474273 composite?
True
Is 298332763 prime?
True
Is 12819184267 a prime number?
True
Is 2137520953 a prime number?
True
Is 4079954177 a composite number?
True
Is 94935992917 composite?
False
Is 140331811 a prime number?
True
Is 799339109 a composite number?
False
Is 14299814149 prime?
False
Is 47029607 composite?
True
Is 2326107451 prime?
True
Is 45169769483 composite?
True
Is 412598947 composite?
True
Is 8870711 a prime number?
True
Is 171203777 a prime number?
True
Is 2038161319 a prime number?
True
Is 5412925007 composite?
True
Is 52661137 a composite number?
False
Is 4245198137 a prime number?
False
Is 13135372399 composite?
False
Is 7089067715 a composite number?
True
Is 16182052721 prime?
False
Is 3098342827 composite?
False
Is 667888997 a prime number?
False
Is 1497117493 composite?
False
Is 13101157 a prime number?
True
Is 4588789817 composite?
False
Is 4515489659 a composite number?
False
Is 1105917339 prime?
False
Is 19192822067 prime?
False
Is 1612427903 a prime number?
False
Is 1113944327 prime?
False
Is 759163997 a composite number?
True
Is 36516377 composite?
True
Is 16868676257 a composite number?
True
Is 10484962127 a prime number?
True
Is 25794974099 a composite number?
True
Is 2984240759 prime?
False
Is 34551175433 composite?
True
Is 3999530897 a composite number?
True
Is 783720283 a prime number?
False
Is 435670189 a prime number?
False
Is 8676042493 composite?
False
Is 10571695987 a prime number?
True
Is 26026092317 a prime number?
True
Is 3074709871 a prime number?
False
Is 41519611069 prime?
True
Is 270445237 composite?
False
Is 30558855619 prime?
True
Is 5060913295 a composite number?
True
Is 3196180087 a composite number?
True
Is 4208534641 a prime number?
False
Is 10052379487 prime?
False
Is 4173779957 a composite number?
False
Is 4032068683 a prime number?
False
Is 55498153 prime?
False
Is 7112399269 a composite number?
False
Is 747377989 prime?
True
Is 48655442813 a prime number?
False
Is 8662600943 composite?
False
Is 2066610233 a composite number?
False
Is 10266949013 prime?
True
Is 168482061401 prime?
True
Is 11712839107 a composite number?
False
Is 23951865559 a prime number?
True
Is 5616318731 a prime number?
True
Is 1914802453 prime?
True
Is 9267276347 prime?
False
Is 93647932097 prime?
False
Is 2693267471 prime?
True
Is 42269961949 prime?
False
Is 68097473201 a composite number?
True
Is 1209444389 prime?
True
Is 61660041979 prime?
True
Is 9133484249 composite?
False
Is 12652398601 a composite number?
True
Is 1077192169 a prime number?
False
Is 18316949831 a prime number?
False
Is 1893267391 a prime number?
False
Is 58589850329 a prime number?
True
Is 135213887761 composite?
False
Is 12454543729 composite?
False
Is 3259783117 a prime number?
False
Is 11464176709 composite?
False
Is 379470124619 a composite number?
True
Is 455930339 prime?
False
Is 8858063611 a composite number?
False
Is 461275673 prime?
False
Is 4846566737 composite?
True
Is 544090312813 composite?
False
Is 621725843 a composite number?
True
Is 43350972437 a composite number?
False
Is 65189395871 a composite number?
False
Is 29259403027 prime?
True
Is 408397753 a composite number?
True
Is 87263065213 composite?
True
Is 12063595963 a composite number?
True
Is 8961396259 a composite number?
False
Is 5762365379 prime?
False
Is 271852463 a prime number?
False
Is 11827798973 a prime number?
False
Is 20697229141 a prime number?
False
Is 76735999649 a composite number?
False
Is 207579443 a prime number?
True
Is 12153075247 a composite number?
True
Is 9366429217 composite?
True
Is 8660364397 prime?
True
Is 1755490903 a prime number?
False
Is 678504751 a composite number?
False
Is 15868201529 prime?
False
Is 383133763 composite?
False
Is 6816461081 a composite number?
True
Is 18937210723 a composite number?
False
Is 10027378994 prime?
False
Is 1083139663 a prime number?
False
Is 4090787417 prime?
True
Is 16709539633 a prime number?
False
Is 2774067539 a prime number?
True
Is 194155063339 a composite number?
True
Is 60196253399 a composite number?
False
Is 174976859 composite?
False
Is 4018086497 a prime number?
True
Is 11165689517 prime?
False
Is 178539553 prime?
True
Is 155604103 prime?
True
Is 22093387759 a composite number?
False
Is 37136400887 a prime number?
True
Is 844828877 composite?
False
Is 845432507 prime?
False
Is 29797301731 composite?
False
Is 77318209 a prime number?
True
Is 1949237093 a composite number?
False
Is 90659019349 prime?
False
Is 3137000819 a composite number?
False
Is 3964912891 composite?
True
Is 75848293957 a composite number?
False
Is 6456037909 a prime number?
True
Is 9939693613 composite?
False
Is 12661516981 prime?
False
Is 418421293 prime?
True
Is 11289628939 prime?
True
Is 114837722183 prime?
True
Is 18304293097 composite?
True
Is 88848419083 composite?
False
Is 33933169 prime?
True
Is 1703762029 a composite number?
True
Is 30150401623 a prime number?
True
Is 721667711 composite?
True
Is 147481811 prime?
False
Is 123